{"id":2196,"date":"2024-01-23T17:08:02","date_gmt":"2024-01-23T16:08:02","guid":{"rendered":"https:\/\/laforetdemerveille.fr\/?page_id=2196"},"modified":"2024-12-11T22:14:37","modified_gmt":"2024-12-11T21:14:37","slug":"lassociation-copy","status":"publish","type":"page","link":"https:\/\/laforetdemerveille.fr\/?page_id=2196","title":{"rendered":"Le logo et sa signification"},"content":{"rendered":"\t\t<div data-elementor-type=\"wp-page\" data-elementor-id=\"2196\" class=\"elementor elementor-2196\">\n\t\t\t\t\t\t\t\t\t<section class=\"elementor-section elementor-top-section elementor-element elementor-element-2f810a0 elementor-section-boxed elementor-section-height-default elementor-section-height-default\" data-id=\"2f810a0\" data-element_type=\"section\" data-settings=\"{&quot;_ha_eqh_enable&quot;:false}\">\n\t\t\t\t\t\t<div class=\"elementor-container elementor-column-gap-default\">\n\t\t\t\t\t<div class=\"elementor-column elementor-col-100 elementor-top-column elementor-element elementor-element-aebbcaf\" data-id=\"aebbcaf\" data-element_type=\"column\">\n\t\t\t<div class=\"elementor-widget-wrap elementor-element-populated\">\n\t\t\t\t\t\t\t\t<div class=\"elementor-element elementor-element-0b19512 elementor-widget elementor-widget-heading\" data-id=\"0b19512\" data-element_type=\"widget\" data-widget_type=\"heading.default\">\n\t\t\t\t<div class=\"elementor-widget-container\">\n\t\t\t<style>\/*! elementor - v3.18.0 - 20-12-2023 *\/\n.elementor-heading-title{padding:0;margin:0;line-height:1}.elementor-widget-heading .elementor-heading-title[class*=elementor-size-]>a{color:inherit;font-size:inherit;line-height:inherit}.elementor-widget-heading .elementor-heading-title.elementor-size-small{font-size:15px}.elementor-widget-heading .elementor-heading-title.elementor-size-medium{font-size:19px}.elementor-widget-heading .elementor-heading-title.elementor-size-large{font-size:29px}.elementor-widget-heading .elementor-heading-title.elementor-size-xl{font-size:39px}.elementor-widget-heading .elementor-heading-title.elementor-size-xxl{font-size:59px}<\/style><h2 class=\"elementor-heading-title elementor-size-default\">Notre logo et sa signification<\/h2>\t\t<\/div>\n\t\t\t\t<\/div>\n\t\t\t\t<div class=\"elementor-element elementor-element-cc802f6 elementor-widget-divider--separator-type-pattern elementor-widget-divider--no-spacing elementor-widget-divider--view-line elementor-widget elementor-widget-divider\" data-id=\"cc802f6\" data-element_type=\"widget\" data-widget_type=\"divider.default\">\n\t\t\t\t<div class=\"elementor-widget-container\">\n\t\t\t<style>\/*! elementor - v3.18.0 - 20-12-2023 *\/\n.elementor-widget-divider{--divider-border-style:none;--divider-border-width:1px;--divider-color:#0c0d0e;--divider-icon-size:20px;--divider-element-spacing:10px;--divider-pattern-height:24px;--divider-pattern-size:20px;--divider-pattern-url:none;--divider-pattern-repeat:repeat-x}.elementor-widget-divider .elementor-divider{display:flex}.elementor-widget-divider .elementor-divider__text{font-size:15px;line-height:1;max-width:95%}.elementor-widget-divider .elementor-divider__element{margin:0 var(--divider-element-spacing);flex-shrink:0}.elementor-widget-divider .elementor-icon{font-size:var(--divider-icon-size)}.elementor-widget-divider .elementor-divider-separator{display:flex;margin:0;direction:ltr}.elementor-widget-divider--view-line_icon .elementor-divider-separator,.elementor-widget-divider--view-line_text .elementor-divider-separator{align-items:center}.elementor-widget-divider--view-line_icon .elementor-divider-separator:after,.elementor-widget-divider--view-line_icon .elementor-divider-separator:before,.elementor-widget-divider--view-line_text .elementor-divider-separator:after,.elementor-widget-divider--view-line_text .elementor-divider-separator:before{display:block;content:\"\";border-bottom:0;flex-grow:1;border-top:var(--divider-border-width) var(--divider-border-style) var(--divider-color)}.elementor-widget-divider--element-align-left .elementor-divider .elementor-divider-separator>.elementor-divider__svg:first-of-type{flex-grow:0;flex-shrink:100}.elementor-widget-divider--element-align-left .elementor-divider-separator:before{content:none}.elementor-widget-divider--element-align-left .elementor-divider__element{margin-left:0}.elementor-widget-divider--element-align-right .elementor-divider .elementor-divider-separator>.elementor-divider__svg:last-of-type{flex-grow:0;flex-shrink:100}.elementor-widget-divider--element-align-right .elementor-divider-separator:after{content:none}.elementor-widget-divider--element-align-right .elementor-divider__element{margin-right:0}.elementor-widget-divider:not(.elementor-widget-divider--view-line_text):not(.elementor-widget-divider--view-line_icon) .elementor-divider-separator{border-top:var(--divider-border-width) var(--divider-border-style) var(--divider-color)}.elementor-widget-divider--separator-type-pattern{--divider-border-style:none}.elementor-widget-divider--separator-type-pattern.elementor-widget-divider--view-line .elementor-divider-separator,.elementor-widget-divider--separator-type-pattern:not(.elementor-widget-divider--view-line) .elementor-divider-separator:after,.elementor-widget-divider--separator-type-pattern:not(.elementor-widget-divider--view-line) .elementor-divider-separator:before,.elementor-widget-divider--separator-type-pattern:not([class*=elementor-widget-divider--view]) .elementor-divider-separator{width:100%;min-height:var(--divider-pattern-height);-webkit-mask-size:var(--divider-pattern-size) 100%;mask-size:var(--divider-pattern-size) 100%;-webkit-mask-repeat:var(--divider-pattern-repeat);mask-repeat:var(--divider-pattern-repeat);background-color:var(--divider-color);-webkit-mask-image:var(--divider-pattern-url);mask-image:var(--divider-pattern-url)}.elementor-widget-divider--no-spacing{--divider-pattern-size:auto}.elementor-widget-divider--bg-round{--divider-pattern-repeat:round}.rtl .elementor-widget-divider .elementor-divider__text{direction:rtl}.e-con-inner>.elementor-widget-divider,.e-con>.elementor-widget-divider{width:var(--container-widget-width,100%);--flex-grow:var(--container-widget-flex-grow)}<\/style>\t\t<div class=\"elementor-divider\" style=\"--divider-pattern-url: url(&quot;data:image\/svg+xml,%3Csvg xmlns=&#039;http:\/\/www.w3.org\/2000\/svg&#039; preserveAspectRatio=&#039;xMidYMid meet&#039; overflow=&#039;visible&#039; height=&#039;100%&#039; viewBox=&#039;0 0 121 26&#039; fill=&#039;black&#039; stroke=&#039;none&#039;%3E%3Cpath d=&#039;M29.6,10.3l2.1,2.2l-3.6,3.3h7v2.9h-7l3.6,3.5l-2.1,1.7l-5.2-5.2h-5.8v-2.9h5.8L29.6,10.3z M70.9,9.6l2.1,1.7l-3.6,3.5h7v2.9h-7l3.6,3.3l-2.1,2.2l-5.2-5.5h-5.8v-2.9h5.8L70.9,9.6z M111.5,9.6l2.1,1.7l-3.6,3.5h7v2.9h-7l3.6,3.3l-2.1,2.2l-5.2-5.5h-5.8v-2.9h5.8L111.5,9.6z M50.2,2.7l2.1,1.7l-3.6,3.5h7v2.9h-7l3.6,3.3l-2.1,2.2L45,10.7h-5.8V7.9H45L50.2,2.7z M11,2l2.1,1.7L9.6,7.2h7V10h-7l3.6,3.3L11,15.5L5.8,10H0V7.2h5.8L11,2z M91.5,2l2.1,2.2l-3.6,3.3h7v2.9h-7l3.6,3.5l-2.1,1.7l-5.2-5.2h-5.8V7.5h5.8L91.5,2z&#039;\/%3E%3C\/svg%3E&quot;);\">\n\t\t\t<span class=\"elementor-divider-separator\">\n\t\t\t\t\t\t<\/span>\n\t\t<\/div>\n\t\t\t\t<\/div>\n\t\t\t\t<\/div>\n\t\t\t\t\t<\/div>\n\t\t<\/div>\n\t\t\t\t\t\t\t<\/div>\n\t\t<\/section>\n\t\t\t\t<section class=\"elementor-section elementor-top-section elementor-element elementor-element-a165637 elementor-section-boxed elementor-section-height-default elementor-section-height-default\" data-id=\"a165637\" data-element_type=\"section\" data-settings=\"{&quot;_ha_eqh_enable&quot;:false}\">\n\t\t\t\t\t\t<div class=\"elementor-container elementor-column-gap-default\">\n\t\t\t\t\t<div class=\"elementor-column elementor-col-100 elementor-top-column elementor-element elementor-element-1f12059\" data-id=\"1f12059\" data-element_type=\"column\">\n\t\t\t<div class=\"elementor-widget-wrap elementor-element-populated\">\n\t\t\t\t\t\t\t\t<div class=\"elementor-element elementor-element-00039d9 elementor-widget elementor-widget-image\" data-id=\"00039d9\" data-element_type=\"widget\" data-widget_type=\"image.default\">\n\t\t\t\t<div class=\"elementor-widget-container\">\n\t\t\t<style>\/*! elementor - v3.18.0 - 20-12-2023 *\/\n.elementor-widget-image{text-align:center}.elementor-widget-image a{display:inline-block}.elementor-widget-image a img[src$=\".svg\"]{width:48px}.elementor-widget-image img{vertical-align:middle;display:inline-block}<\/style>\t\t\t\t\t\t\t\t\t\t\t\t<img fetchpriority=\"high\" decoding=\"async\" width=\"2560\" height=\"2560\" src=\"https:\/\/laforetdemerveille.fr\/wp-content\/uploads\/2024\/01\/la-foret-demerveille_mockup-scaled.jpg\" class=\"attachment-full size-full wp-image-2197\" alt=\"\" srcset=\"https:\/\/laforetdemerveille.fr\/wp-content\/uploads\/2024\/01\/la-foret-demerveille_mockup-scaled.jpg 2560w, https:\/\/laforetdemerveille.fr\/wp-content\/uploads\/2024\/01\/la-foret-demerveille_mockup-300x300.jpg 300w, https:\/\/laforetdemerveille.fr\/wp-content\/uploads\/2024\/01\/la-foret-demerveille_mockup-1024x1024.jpg 1024w, https:\/\/laforetdemerveille.fr\/wp-content\/uploads\/2024\/01\/la-foret-demerveille_mockup-150x150.jpg 150w, https:\/\/laforetdemerveille.fr\/wp-content\/uploads\/2024\/01\/la-foret-demerveille_mockup-2000x2000.jpg 2000w, https:\/\/laforetdemerveille.fr\/wp-content\/uploads\/2024\/01\/la-foret-demerveille_mockup-scaled-1536x1536.jpg 1536w, https:\/\/laforetdemerveille.fr\/wp-content\/uploads\/2024\/01\/la-foret-demerveille_mockup-scaled-2048x2048.jpg 2048w, https:\/\/laforetdemerveille.fr\/wp-content\/uploads\/2024\/01\/la-foret-demerveille_mockup-scaled-600x600.jpg 600w, https:\/\/laforetdemerveille.fr\/wp-content\/uploads\/2024\/01\/la-foret-demerveille_mockup-scaled-1200x1200.jpg 1200w, https:\/\/laforetdemerveille.fr\/wp-content\/uploads\/2024\/01\/la-foret-demerveille_mockup-scaled-800x800.jpg 800w\" sizes=\"100vw\" \/>\t\t\t\t\t\t\t\t\t\t\t\t\t\t\t<\/div>\n\t\t\t\t<\/div>\n\t\t\t\t<div class=\"elementor-element elementor-element-5d7c6b9 elementor-widget elementor-widget-text-editor\" data-id=\"5d7c6b9\" data-element_type=\"widget\" data-widget_type=\"text-editor.default\">\n\t\t\t\t<div class=\"elementor-widget-container\">\n\t\t\t<style>\/*! elementor - v3.18.0 - 20-12-2023 *\/\n.elementor-widget-text-editor.elementor-drop-cap-view-stacked .elementor-drop-cap{background-color:#69727d;color:#fff}.elementor-widget-text-editor.elementor-drop-cap-view-framed .elementor-drop-cap{color:#69727d;border:3px solid;background-color:transparent}.elementor-widget-text-editor:not(.elementor-drop-cap-view-default) .elementor-drop-cap{margin-top:8px}.elementor-widget-text-editor:not(.elementor-drop-cap-view-default) .elementor-drop-cap-letter{width:1em;height:1em}.elementor-widget-text-editor .elementor-drop-cap{float:left;text-align:center;line-height:1;font-size:50px}.elementor-widget-text-editor .elementor-drop-cap-letter{display:inline-block}<\/style>\t\t\t\t<p>\u00a0<\/p><p>Le voici, le voil\u00e0, le logo de l&#8217;association !<\/p><p>Certain.e.s y verront d&#8217;abord une feuille, d&#8217;autres la for\u00eat vue d&#8217;en bas, ou encore le d\u00e9grad\u00e9 des couleurs \u00e9voquant le cycle des saisons&#8230;<br \/><span style=\"font-style: var( --e-global-typography-text-font-style ); letter-spacing: var( --e-global-typography-text-letter-spacing ); text-transform: var( --e-global-typography-text-text-transform );\">Eh bien vous voyez juste&#8230;<\/span><\/p><p><span style=\"font-style: var( --e-global-typography-text-font-style ); letter-spacing: var( --e-global-typography-text-letter-spacing ); text-transform: var( --e-global-typography-text-text-transform );\">Derri\u00e8re cette repr\u00e9sentation se cachent de nombreuses symboliques :<\/span><\/p><ul><li><span style=\"font-style: var( --e-global-typography-text-font-style ); letter-spacing: var( --e-global-typography-text-letter-spacing ); text-transform: var( --e-global-typography-text-text-transform );\">La feuille de noisetier, repr\u00e9sente la connaissance et la sagesse<\/span><\/li><li>Les arbres et la couleur de leurs feuillages symbolisent les \ud835\uddf0\ud835\ude06\ud835\uddf0\ud835\uddf9\ud835\uddf2\ud835\ude00 \ud835\uddf1\ud835\uddf2 \ud835\uddf9\ud835\uddee \ud835\ude03\ud835\uddf6\ud835\uddf2, \ud835\uddf9\ud835\uddf2\ud835\ude00 \ud835\ude00\ud835\uddee\ud835\uddf6\ud835\ude00\ud835\uddfc\ud835\uddfb\ud835\ude00<\/li><li>La \u00ab timidit\u00e9 des arbres \u00bb (espacement entre les couronnes des arbres d\u2019une m\u00eame esp\u00e8ce), ph\u00e9nom\u00e8ne encore mal connu mais qui concerne une centaine d\u2019esp\u00e8ces dans le monde; repr\u00e9sente, selon moi, \ud835\uddf9\u2019\ud835\uddf5\ud835\uddee\ud835\uddff\ud835\uddfa\ud835\uddfc\ud835\uddfb\ud835\uddf6\ud835\uddf2 \ud835\uddf2\ud835\ude01 \ud835\uddf9\ud835\uddf2 \ud835\uddff\ud835\uddf2\ud835\ude00\ud835\uddfd\ud835\uddf2\ud835\uddf0\ud835\ude01<\/li><li>\ud835\udddf\u2019\ud835\uddf2\u0301\ud835\uddfa\ud835\uddf2\ud835\uddff\ud835\ude03\ud835\uddf2\ud835\uddf6\ud835\uddf9\ud835\uddf9\ud835\uddf2\ud835\uddfa\ud835\uddf2\ud835\uddfb\ud835\ude01 symbolis\u00e9 par la feuille qui constitue une partie de la for\u00eat, et la for\u00eat qui est constitu\u00e9e de feuilles (vous me suivez ? \ud83d\ude09 ), qui \u00e9voque la beaut\u00e9 dans les d\u00e9tails, \u00e0 la fois dans l\u2019infiniment petit et dans l\u2019infiniment grand !<\/li><li>La \ud835\uddf0\ud835\uddfc\ud835\uddfb\ud835\ude01\ud835\uddf2\ud835\uddfa\ud835\uddfd\ud835\uddf9\ud835\uddee\ud835\ude01\ud835\uddf6\ud835\uddfc\ud835\uddfb est repr\u00e9sent\u00e9e par la vision de la for\u00eat vue d&#8217;en bas, comme si l\u2019on \u00e9tait allong\u00e9 sur le sol, et que l\u2019on regardait les arbres toucher le ciel<\/li><\/ul><p>Mille mercis \u00e0 Astrid, qui a su mettre en valeur mes croquis \u00e0 la perfection !\u00a0<\/p><p>On esp\u00e8re qu\u2019il vous plaira autant qu\u2019ils nous pla\u00eet !\u00a0<\/p>\t\t\t\t\t\t<\/div>\n\t\t\t\t<\/div>\n\t\t\t\t\t<\/div>\n\t\t<\/div>\n\t\t\t\t\t\t\t<\/div>\n\t\t<\/section>\n\t\t\t\t<section class=\"elementor-section elementor-top-section elementor-element elementor-element-de88f69 elementor-section-boxed elementor-section-height-default elementor-section-height-default\" data-id=\"de88f69\" data-element_type=\"section\" data-settings=\"{&quot;_ha_eqh_enable&quot;:false}\">\n\t\t\t\t\t\t<div class=\"elementor-container elementor-column-gap-default\">\n\t\t\t\t\t<div class=\"elementor-column elementor-col-100 elementor-top-column elementor-element elementor-element-81ddccc\" data-id=\"81ddccc\" data-element_type=\"column\">\n\t\t\t<div class=\"elementor-widget-wrap elementor-element-populated\">\n\t\t\t\t\t\t\t\t<section class=\"elementor-section elementor-inner-section elementor-element elementor-element-8ce7429 elementor-section-boxed elementor-section-height-default elementor-section-height-default\" data-id=\"8ce7429\" data-element_type=\"section\" data-settings=\"{&quot;_ha_eqh_enable&quot;:false}\">\n\t\t\t\t\t\t<div class=\"elementor-container elementor-column-gap-default\">\n\t\t\t\t\t<div class=\"elementor-column elementor-col-100 elementor-inner-column elementor-element elementor-element-bf8f44c\" data-id=\"bf8f44c\" data-element_type=\"column\">\n\t\t\t<div class=\"elementor-widget-wrap elementor-element-populated\">\n\t\t\t\t\t\t\t\t<div class=\"elementor-element elementor-element-8a4d8f7 elementor-widget elementor-widget-image\" data-id=\"8a4d8f7\" data-element_type=\"widget\" data-widget_type=\"image.default\">\n\t\t\t\t<div class=\"elementor-widget-container\">\n\t\t\t\t\t\t\t\t\t\t\t\t\t\t\t<img decoding=\"async\" width=\"512\" height=\"512\" src=\"https:\/\/laforetdemerveille.fr\/wp-content\/uploads\/2023\/08\/quotes-01.png\" class=\"attachment-2048x2048 size-2048x2048 wp-image-1043\" alt=\"\" srcset=\"https:\/\/laforetdemerveille.fr\/wp-content\/uploads\/2023\/08\/quotes-01.png 512w, https:\/\/laforetdemerveille.fr\/wp-content\/uploads\/2023\/08\/quotes-01-300x300.png 300w, https:\/\/laforetdemerveille.fr\/wp-content\/uploads\/2023\/08\/quotes-01-150x150.png 150w\" sizes=\"100vw\" \/>\t\t\t\t\t\t\t\t\t\t\t\t\t\t\t<\/div>\n\t\t\t\t<\/div>\n\t\t\t\t<div class=\"elementor-element elementor-element-8fdc537 elementor-widget-divider--view-line elementor-widget elementor-widget-divider\" data-id=\"8fdc537\" data-element_type=\"widget\" data-widget_type=\"divider.default\">\n\t\t\t\t<div class=\"elementor-widget-container\">\n\t\t\t\t\t<div class=\"elementor-divider\">\n\t\t\t<span class=\"elementor-divider-separator\">\n\t\t\t\t\t\t<\/span>\n\t\t<\/div>\n\t\t\t\t<\/div>\n\t\t\t\t<\/div>\n\t\t\t\t<div class=\"elementor-element elementor-element-b39ebd6 elementor-widget__width-initial elementor-widget elementor-widget-heading\" data-id=\"b39ebd6\" data-element_type=\"widget\" data-widget_type=\"heading.default\">\n\t\t\t\t<div class=\"elementor-widget-container\">\n\t\t\t<h2 class=\"elementor-heading-title elementor-size-default\">\u201cLe Monde ne mourra jamais par manque de merveilles <br>mais par manque d'\u00e9merveillement.\u201d<\/h2>\t\t<\/div>\n\t\t\t\t<\/div>\n\t\t\t\t<div class=\"elementor-element elementor-element-91d0435 elementor-widget elementor-widget-heading\" data-id=\"91d0435\" data-element_type=\"widget\" data-widget_type=\"heading.default\">\n\t\t\t\t<div class=\"elementor-widget-container\">\n\t\t\t<h5 class=\"elementor-heading-title elementor-size-small\">- GILBERT KEITH CHESTERTON<\/h5>\t\t<\/div>\n\t\t\t\t<\/div>\n\t\t\t\t\t<\/div>\n\t\t<\/div>\n\t\t\t\t\t\t\t<\/div>\n\t\t<\/section>\n\t\t\t\t\t<\/div>\n\t\t<\/div>\n\t\t\t\t\t\t\t<\/div>\n\t\t<\/section>\n\t\t\t\t\t\t\t<\/div>\n\t\t","protected":false},"excerpt":{"rendered":"<p>Notre logo et sa signification \u00a0 Le voici, le voil\u00e0, le logo de l&#8217;association ! Certain.e.s y verront d&#8217;abord une feuille, d&#8217;autres la for\u00eat vue d&#8217;en bas, ou encore le d\u00e9grad\u00e9 des couleurs \u00e9voquant le cycle des saisons&#8230;Eh bien vous voyez juste&#8230; Derri\u00e8re cette repr\u00e9sentation se cachent de nombreuses symboliques : La feuille de noisetier, &hellip; <\/p>\n<p class=\"link-more\"><a href=\"https:\/\/laforetdemerveille.fr\/?page_id=2196\" class=\"more-link\">Lire la suite de<span class=\"screen-reader-text\">\u00ab\u00a0Le logo et sa signification\u00a0\u00bb<\/span><\/a><\/p>\n","protected":false},"author":1,"featured_media":0,"parent":0,"menu_order":0,"comment_status":"closed","ping_status":"closed","template":"elementor_theme","meta":{"footnotes":""},"aioseo_notices":[],"featured_media_urls":[],"_links":{"self":[{"href":"https:\/\/laforetdemerveille.fr\/index.php?rest_route=\/wp\/v2\/pages\/2196"}],"collection":[{"href":"https:\/\/laforetdemerveille.fr\/index.php?rest_route=\/wp\/v2\/pages"}],"about":[{"href":"https:\/\/laforetdemerveille.fr\/index.php?rest_route=\/wp\/v2\/types\/page"}],"author":[{"embeddable":true,"href":"https:\/\/laforetdemerveille.fr\/index.php?rest_route=\/wp\/v2\/users\/1"}],"replies":[{"embeddable":true,"href":"https:\/\/laforetdemerveille.fr\/index.php?rest_route=%2Fwp%2Fv2%2Fcomments&post=2196"}],"version-history":[{"count":11,"href":"https:\/\/laforetdemerveille.fr\/index.php?rest_route=\/wp\/v2\/pages\/2196\/revisions"}],"predecessor-version":[{"id":2609,"href":"https:\/\/laforetdemerveille.fr\/index.php?rest_route=\/wp\/v2\/pages\/2196\/revisions\/2609"}],"wp:attachment":[{"href":"https:\/\/laforetdemerveille.fr\/index.php?rest_route=%2Fwp%2Fv2%2Fmedia&parent=2196"}],"curies":[{"name":"wp","href":"https:\/\/api.w.org\/{rel}","templated":true}]}}